{"id":17,"date":"2024-05-15T18:04:46","date_gmt":"2024-05-15T18:04:46","guid":{"rendered":"https:\/\/tutelalegalmariajh.org.sv\/?page_id=17"},"modified":"2024-09-06T17:53:54","modified_gmt":"2024-09-06T17:53:54","slug":"memoria-historica","status":"publish","type":"page","link":"https:\/\/tutelalegalmariajh.org.sv\/?page_id=17","title":{"rendered":"Memoria Hist\u00f3rica"},"content":{"rendered":"\n<p class=\"has-text-align-center has-slider-title-font-size\">Actividades<\/p>\n\n\n\n<hr class=\"wp-block-separator has-alpha-channel-opacity\"\/>\n\n\n\n<div class=\"wp-block-group has-background is-nowrap is-layout-flex wp-container-core-group-is-layout-ad2f72ca wp-block-group-is-layout-flex\" style=\"background:linear-gradient(135deg,rgb(255,245,203) 0%,rgb(182,227,212) 58%,rgb(51,167,181) 100%)\">\n<figure class=\"wp-block-image size-full\"><img decoding=\"async\" src=\"https:\/\/tutelalegalmariajh.org.sv\/wp-content\/uploads\/2024\/09\/arcatao-1.jpg\" alt=\"\" class=\"wp-image-139\"\/><\/figure>\n\n\n\n<p><a href=\"https:\/\/tutelalegalmariajh.org.sv\/?p=138\"><strong>Tutela Legal \u201cDra. Mar\u00eda Julia Hern\u00e1ndez\u201d realiza Ruta de la Memoria Hist\u00f3rica en Arcatao, Chalatenango.<\/strong><\/a><\/p>\n<\/div>\n\n\n\n<hr class=\"wp-block-separator has-alpha-channel-opacity\"\/>\n\n\n\n<div class=\"wp-block-group has-background is-nowrap is-layout-flex wp-container-core-group-is-layout-ad2f72ca wp-block-group-is-layout-flex\" style=\"background:linear-gradient(135deg,rgb(165,236,227) 0%,rgb(182,227,212) 13%,rgb(230,216,155) 100%)\">\n<p><strong><a href=\"https:\/\/tutelalegalmariajh.org.sv\/?p=166\">Comisi\u00f3n de Trabajo en Derechos Humanos Pro-Memoria Hist\u00f3rica de El Salvador rechaza la negaci\u00f3n de los acuerdos de paz.<\/a><\/strong><\/p>\n\n\n\n<figure class=\"wp-block-image size-large\"><img loading=\"lazy\" decoding=\"async\" width=\"1024\" height=\"653\" src=\"https:\/\/tutelalegalmariajh.org.sv\/wp-content\/uploads\/2024\/09\/promemoria-1024x653.jpg\" alt=\"\" class=\"wp-image-167\" srcset=\"https:\/\/tutelalegalmariajh.org.sv\/wp-content\/uploads\/2024\/09\/promemoria-1024x653.jpg 1024w, https:\/\/tutelalegalmariajh.org.sv\/wp-content\/uploads\/2024\/09\/promemoria-300x191.jpg 300w, https:\/\/tutelalegalmariajh.org.sv\/wp-content\/uploads\/2024\/09\/promemoria-768x490.jpg 768w, https:\/\/tutelalegalmariajh.org.sv\/wp-content\/uploads\/2024\/09\/promemoria.jpg 1040w\" sizes=\"auto, (max-width: 1024px) 100vw, 1024px\" \/><\/figure>\n<\/div>\n","protected":false},"excerpt":{"rendered":"<p>Actividades Tutela Legal \u201cDra. Mar\u00eda Julia Hern\u00e1ndez\u201d realiza Ruta de la Memoria Hist\u00f3rica en Arcatao, Chalatenango. Comisi\u00f3n de Trabajo en Derechos Humanos Pro-Memoria Hist\u00f3rica de El Salvador rechaza la negaci\u00f3n de los acuerdos de paz.<\/p>\n","protected":false},"author":1,"featured_media":0,"parent":0,"menu_order":0,"comment_status":"closed","ping_status":"closed","template":"","meta":{"footnotes":""},"class_list":["post-17","page","type-page","status-publish","hentry"],"_links":{"self":[{"href":"https:\/\/tutelalegalmariajh.org.sv\/index.php?rest_route=\/wp\/v2\/pages\/17","targetHints":{"allow":["GET"]}}],"collection":[{"href":"https:\/\/tutelalegalmariajh.org.sv\/index.php?rest_route=\/wp\/v2\/pages"}],"about":[{"href":"https:\/\/tutelalegalmariajh.org.sv\/index.php?rest_route=\/wp\/v2\/types\/page"}],"author":[{"embeddable":true,"href":"https:\/\/tutelalegalmariajh.org.sv\/index.php?rest_route=\/wp\/v2\/users\/1"}],"replies":[{"embeddable":true,"href":"https:\/\/tutelalegalmariajh.org.sv\/index.php?rest_route=%2Fwp%2Fv2%2Fcomments&post=17"}],"version-history":[{"count":3,"href":"https:\/\/tutelalegalmariajh.org.sv\/index.php?rest_route=\/wp\/v2\/pages\/17\/revisions"}],"predecessor-version":[{"id":170,"href":"https:\/\/tutelalegalmariajh.org.sv\/index.php?rest_route=\/wp\/v2\/pages\/17\/revisions\/170"}],"wp:attachment":[{"href":"https:\/\/tutelalegalmariajh.org.sv\/index.php?rest_route=%2Fwp%2Fv2%2Fmedia&parent=17"}],"curies":[{"name":"wp","href":"https:\/\/api.w.org\/{rel}","templated":true}]}}